{"id":239,"date":"2023-09-14T21:11:28","date_gmt":"2023-09-14T21:11:28","guid":{"rendered":"https:\/\/alicialopezmenendez.com.ar\/?page_id=239"},"modified":"2023-09-14T21:14:04","modified_gmt":"2023-09-14T21:14:04","slug":"susana","status":"publish","type":"page","link":"https:\/\/alicialopezmenendez.com.ar\/?page_id=239","title":{"rendered":"Susana. Carta a mi hermana"},"content":{"rendered":"\n<p>Hola Ali. No puedo decir mucho \u2026..<br>Tengo el coraz\u00f3n m\u00e1s roto desde el d\u00eda que te fuiste, sin decir nada, no sin despedirte, porque un d\u00eda antes nos encontramos los tres, sin sospechar que esa era la cruel despedida.<br>Tengo guardados todos los a\u00f1os de nuestras vidas, buenos, mejores y peores, pero sabiendo que siempre estabas ah\u00ed, y ahora necesito que sigas estando y no te encuentro. Quiero de repente llamarte, y me doy cuenta de que ya no vas a atender .<br>El vac\u00edo que siento en mi vida es enorme.<br>Pero ahora que pas\u00f3 un tiempito, y tanta rabia y desconsuelo, quiero recordarte con alegr\u00eda, con agradecimiento\u2026.<br>Siempre estuviste pendiente de m\u00ed, de mis hijos y mis nietitos, sobre todo el \u00faltimo tiempo, porque sab\u00edas que yo, por m\u00e1s fuerte que me hiciera, lo necesitaba.<br>Yo te prometo cuidar a los tuyos, a L\u00eda, y los cuatro ni\u00f1itos hermosos, que llenaban tu vida. \u2013 al \u00faltimo bebe no llegaste a conocerla\/o &#8211; Velar, en todo lo que pueda, para que nunca les pase nada malo, y se que vos tambi\u00e9n vas a estar cuid\u00e1ndonos a todos desde ese cielo que imaginamos como destino final de nuestras almas.<br>Dicen que los caminos de Dios son misteriosos, y s\u00ed, lo son. Nunca llegaremos a entender tantas cosas\u2026.<br>Deseo que tu vida en aquel lugar te depare la paz que muchas veces necesitaste, y la felicidad de ver que todos te recordamos y extra\u00f1amos con tanto amor.<\/p>\n\n\n\n<p>Te quiero Ali.<br>Hasta que volvamos a encontrarnos.<br>Ch\u00fa.<\/p>\n","protected":false},"excerpt":{"rendered":"<p>Hola Ali. No puedo decir mucho \u2026..Tengo el coraz\u00f3n m\u00e1s roto desde el d\u00eda que te fuiste, sin decir nada, no sin despedirte, porque un d\u00eda antes nos encontramos los tres, sin sospechar que esa era la cruel despedida.Tengo guardados todos los a\u00f1os de nuestras vidas, buenos, mejores y peores, pero sabiendo que siempre estabas [&hellip;]<\/p>\n","protected":false},"author":1,"featured_media":0,"parent":0,"menu_order":0,"comment_status":"closed","ping_status":"closed","template":"","meta":{"om_disable_all_campaigns":false,"_monsterinsights_skip_tracking":false,"_monsterinsights_sitenote_active":false,"_monsterinsights_sitenote_note":"","_monsterinsights_sitenote_category":0,"footnotes":""},"aioseo_notices":[],"_links":{"self":[{"href":"https:\/\/alicialopezmenendez.com.ar\/index.php?rest_route=\/wp\/v2\/pages\/239"}],"collection":[{"href":"https:\/\/alicialopezmenendez.com.ar\/index.php?rest_route=\/wp\/v2\/pages"}],"about":[{"href":"https:\/\/alicialopezmenendez.com.ar\/index.php?rest_route=\/wp\/v2\/types\/page"}],"author":[{"embeddable":true,"href":"https:\/\/alicialopezmenendez.com.ar\/index.php?rest_route=\/wp\/v2\/users\/1"}],"replies":[{"embeddable":true,"href":"https:\/\/alicialopezmenendez.com.ar\/index.php?rest_route=%2Fwp%2Fv2%2Fcomments&post=239"}],"version-history":[{"count":2,"href":"https:\/\/alicialopezmenendez.com.ar\/index.php?rest_route=\/wp\/v2\/pages\/239\/revisions"}],"predecessor-version":[{"id":242,"href":"https:\/\/alicialopezmenendez.com.ar\/index.php?rest_route=\/wp\/v2\/pages\/239\/revisions\/242"}],"wp:attachment":[{"href":"https:\/\/alicialopezmenendez.com.ar\/index.php?rest_route=%2Fwp%2Fv2%2Fmedia&parent=239"}],"curies":[{"name":"wp","href":"https:\/\/api.w.org\/{rel}","templated":true}]}}