{"id":169,"date":"2023-08-25T00:49:09","date_gmt":"2023-08-25T00:49:09","guid":{"rendered":"https:\/\/alicialopezmenendez.com.ar\/?page_id=169"},"modified":"2023-08-25T00:52:45","modified_gmt":"2023-08-25T00:52:45","slug":"carta-para-ali","status":"publish","type":"page","link":"https:\/\/alicialopezmenendez.com.ar\/?page_id=169","title":{"rendered":"Carta de Dora para Ali"},"content":{"rendered":"\n<p>Querid\u00edsima y entra\u00f1able Alicia<\/p>\n\n\n\n<p>Quiero que sepas que esta carta no es una despedida, es simplemente recordarte.<\/p>\n\n\n\n<p>Alguien decidi\u00f3 hace muchos a\u00f1os que nos conoci\u00e9ramos en un lugar lejos de casa, y encontrarte cambi\u00f3 mi vida, conoc\u00ed una amistad verdadera, descubr\u00ed una persona dulce, sincera, humilde, generosa&#8230;<\/p>\n\n\n\n<p>Nos conectamos desde el comienzo, te convertiste en mi hermana del coraz\u00f3n, que ahora est\u00e1 roto, pero no te preocupes por m\u00ed, sanar\u00e1, porque fue tanto lo que me diste, todos los momentos que compartimos, las charlas, no alcanzaban las horas, el tiempo pasaba tan r\u00e1pido&#8230;&#8230;., todav\u00eda no s\u00e9 como voy a seguir sin vos, siento que tengo que aprender a vivir de nuevo.<\/p>\n\n\n\n<p>Extra\u00f1o cuando camin\u00e1bamos del bracete, \u00e9ramos felices juntas, paseamos, nos re\u00edamos, \u00e9ramos confidentes, nos apoyamos una a la otra cuando nos pasaban cosas tristes.<\/p>\n\n\n\n<p>Fuiste un ser transparente, hermosa por dentro y por fuera, estabas siempre que te necesitaba, te hac\u00edas tiempo para ayudar aunque s\u00e9 que no lo ten\u00edas.<\/p>\n\n\n\n<p>Nunca voy a olvidar tu sonrisa, vivir\u00e1s en mi recuerdo por siempre!<\/p>\n\n\n\n<p>Fuiste y ser\u00e1s parte de mi historia, por eso nunca voy a olvidarte, el tiempo nunca va a lograr alejarte de mi vida, ahora est\u00e1s en otro lugar mejor, ya hab\u00edas cumplido con todo en la tierra y te convertiste en un \u00e1ngel que me seguir\u00e1 cuidando.<\/p>\n\n\n\n<p>Fuiste mi mejor amiga, doy gracias a Dios que te cruz\u00f3 en mi camino, fuiste un regalo muy valioso para m\u00ed.<\/p>\n\n\n\n<p>Quedaron muchos momentos, sonrisas, abrazos, tantas cosas&#8230;..<\/p>\n\n\n\n<p>Siempre te dije que te quer\u00eda, que te quer\u00eda mucho, much\u00edsimo hermana del alma!<\/p>\n\n\n\n<p>Cada d\u00eda cuando despierto pongo mi mano sobre el coraz\u00f3n, y lo dedico en honor a vos Ali!!!<\/p>\n\n\n\n<p>Dios te bendiga amiga eterna siempre!&nbsp;<\/p>\n\n\n\n<p>Dora&nbsp;<\/p>\n","protected":false},"excerpt":{"rendered":"<p>Querid\u00edsima y entra\u00f1able Alicia Quiero que sepas que esta carta no es una despedida, es simplemente recordarte. Alguien decidi\u00f3 hace muchos a\u00f1os que nos conoci\u00e9ramos en un lugar lejos de casa, y encontrarte cambi\u00f3 mi vida, conoc\u00ed una amistad verdadera, descubr\u00ed una persona dulce, sincera, humilde, generosa&#8230; Nos conectamos desde el comienzo, te convertiste en [&hellip;]<\/p>\n","protected":false},"author":1,"featured_media":0,"parent":0,"menu_order":0,"comment_status":"closed","ping_status":"closed","template":"","meta":{"om_disable_all_campaigns":false,"_monsterinsights_skip_tracking":false,"_monsterinsights_sitenote_active":false,"_monsterinsights_sitenote_note":"","_monsterinsights_sitenote_category":0,"footnotes":""},"aioseo_notices":[],"_links":{"self":[{"href":"https:\/\/alicialopezmenendez.com.ar\/index.php?rest_route=\/wp\/v2\/pages\/169"}],"collection":[{"href":"https:\/\/alicialopezmenendez.com.ar\/index.php?rest_route=\/wp\/v2\/pages"}],"about":[{"href":"https:\/\/alicialopezmenendez.com.ar\/index.php?rest_route=\/wp\/v2\/types\/page"}],"author":[{"embeddable":true,"href":"https:\/\/alicialopezmenendez.com.ar\/index.php?rest_route=\/wp\/v2\/users\/1"}],"replies":[{"embeddable":true,"href":"https:\/\/alicialopezmenendez.com.ar\/index.php?rest_route=%2Fwp%2Fv2%2Fcomments&post=169"}],"version-history":[{"count":2,"href":"https:\/\/alicialopezmenendez.com.ar\/index.php?rest_route=\/wp\/v2\/pages\/169\/revisions"}],"predecessor-version":[{"id":172,"href":"https:\/\/alicialopezmenendez.com.ar\/index.php?rest_route=\/wp\/v2\/pages\/169\/revisions\/172"}],"wp:attachment":[{"href":"https:\/\/alicialopezmenendez.com.ar\/index.php?rest_route=%2Fwp%2Fv2%2Fmedia&parent=169"}],"curies":[{"name":"wp","href":"https:\/\/api.w.org\/{rel}","templated":true}]}}